hat is the units digit of v(5)?
1
Let n(p) = p**3 - 5*p**2 + p - 1. Suppose 3*s = -2*d + 5, 4*s + 0*d - 5*d = -24. Let l be 9/2 - s/2. What is the units digit of n(l)?
4
Suppose -4*f + 6 = -4*h - 78, -3*h = 2*f - 67. What is the tens digit of f?
2
Let v = 153 - -5. What is the units digit of v?
8
Suppose 3*y + 2 - 14 = 0. Let t(b) = -b**2 + 6*b - 2. What is the units digit of t(y)?
6
Suppose -5*p + 0*u + 45 = 4*u, 2*u = -2*p + 20. Suppose 4*x = -o - 2 + 5, -5*x - 65 = -p*o. What is the tens digit of o?
1
Suppose 4*y - 3*k = -4, 0 = -k + 3 - 7. Let i(x) = -3*x - 3. What is the units digit of i(y)?
9
What is the tens digit of (-23 + 2)*(-100)/12?
7
Suppose 4*a = 8*a - 140. Suppose -3*x = -52 - a. What is the units digit of x?
9
Let u(g) = 7 - 13 + 2*g + 5 + 4*g**2. What is the units digit of u(-2)?
1
Suppose z - 2 = -1. Let d be 2 - (-2 + z)*37. Suppose -5*l + d = -66. What is the tens digit of l?
2
Suppose 168 = 3*q + 30. What is the units digit of q?
6
Let d be 2 + 0/(-1) + -1. Let p be 8*(2*-1)/(-4). What is the units digit of 0 + p + 1 + d?
6
Let v = 5 + 2. Suppose 3*s - 21 = -4*n + 71, -132 = -4*s + 4*n. Suppose -s = 3*c - v*c. What is the units digit of c?
8
What is the units digit of -2 - ((-3 - 0) + -33)?
4
Let g(r) be the third derivative of -r**4/24 - 2*r**3/3 + 2*r**2. Let u be g(-5). Suppose z = -u + 6. What is the units digit of z?
5
Let p(c) = c**2 - 21*c - 4. Let t be p(21). Let m(n) = 2*n + n**2 + 0*n**2 + n. What is the units digit of m(t)?
4
Suppose -6*y + 7*y = 275. What is the units digit of y?
5
Let m(c) = -c + 2*c - 6 - 3*c. Let v be m(-4). What is the tens digit of 1/(v - (-42)/(-22))?
1
Suppose 0 = -3*k + 8 + 4. Let s be 10*(2*-1)/k. Let c = s + 11. What is the units digit of c?
6
Let b(c) = -c**2 - 7*c - 3. What is the units digit of b(-4)?
9
Suppose 55*y - 53*y - 242 = 0. What is the units digit of y?
1
Suppose -15 = -3*g + 3*p, 9 = 3*g - 2*p - 4. Suppose -5*i = -g*i - 18. What is the units digit of i?
9
Let l(h) = -16*h - 1. Suppose -1 = 5*x + 4. What is the units digit of l(x)?
5
Let r = 15 - -9. Let m = 76 - r. What is the units digit of (-2)/3 + m/6?
8
Let r = 5 + -5. Suppose 5*o + 4*c - 43 = r, o + 2 = 4*c + 1. Suppose -4*w - o = -3, 2*w + 42 = 4*l. What is the tens digit of l?
1
Let a be (2 + 2)*26/4. Suppose a = 4*b + 3*l - 77, -b - 4*l = -16. Suppose -o - b = -5*o. What is the units digit of o?
7
Let u(n) = -n - 19. Let d(x) = -x - 9. Let p(q) = 9*d(q) - 4*u(q). What is the tens digit of p(-8)?
3
Suppose -3*q = 2*q - 4*j - 13, q + 4*j - 17 = 0. Suppose -t = -q*t. Suppose t = 2*f + f - 9. What is the units digit of f?
3
Suppose 4*q - 8 = -2*f + 5*q, -3*f + 4*q = -22. Let d be 0/(2 + f + -6). Suppose -u + 5 - 1 = d. What is the units digit of u?
4
Let h(p) = 5*p**2 - 2*p - 4. Let l(u) = 1. Let b(s) = h(s) + l(s). What is the units digit of b(-2)?
1
Let u(k) = 2*k + 12. Let l be u(-5). Suppose -l*p = -5*w - 55 + 214, 96 = 3*w - p. What is the units digit of w?
3
Let o be 6*(6/9 + 0). Suppose -2*q + 6 + 2 = c, c - o*q - 14 = 0. What is the units digit of (4/(-5))/((-4)/c)?
2
Let s(w) = -w**2 + 10*w - 18. What is the units digit of s(7)?
3
Let b(l) = -l + 0*l - 2 - 6*l - 11*l. Let i be b(-2). Let c = i - 24. What is the units digit of c?
0
Suppose 5*s = -3*g + 2 + 9, 0 = -4*g - s + 26. What is the units digit of g?
7
Let b be 3/(-12)*-10*-2. Let l(y) = -y**3 - 3*y**2 + 7*y + 1. What is the units digit of l(b)?
6
Suppose 7*t - 544 = 268. What is the tens digit of t?
1
Let n(p) = p**3 - 3*p**2 - 5*p + 5. Let z be (-2)/(-4)*1*6. Let l be (-1 + z)*(2 - 0). What is the units digit of n(l)?
1
Suppose -2*a = 3*a - 30. Suppose -l - 2*y + a = -4, l - 2*y - 14 = 0. Suppose 0 = -4*z - 0 + l. What is the units digit of z?
3
Let u(h) = h + 7. What is the units digit of u(-6)?
1
Let q = -8 - -15. Let r(v) = v**2 - 5*v + 1. What is the units digit of r(q)?
5
What is the tens digit of 10/(-20)*(-337 + -1)?
6
Let b(q) be the third derivative of -2*q**4/3 + 7*q**3/6 - 8*q**2. What is the tens digit of b(-3)?
5
Let i = 1 - 9. What is the tens digit of ((-68)/i)/(1/2)?
1
Let j be (0 - -1)/(2/(-4)). Let w = -6 + 6. Let x = w - j. What is the units digit of x?
2
Suppose 0 = 5*u - 9*c + 5*c - 45, 0 = -3*u - 3*c + 27. Suppose -3*b + 2*s + 22 = 0, -5*s = 2*b + 2*b + u. What is the units digit of b?
4
Suppose -3*n + s + 769 = 0, 5*n - s = 897 + 388. What is the hundreds digit of n?
2
Let a(i) = 10*i**2 + i. What is the tens digit of a(-2)?
3
Suppose -5*v + 1 + 14 = 0. What is the units digit of 1 + (19 + 2)/v?
8
Let x = 0 + -1. What is the units digit of 36*(-1)/(-2 - x)?
6
Let r = 8 - 6. What is the units digit of 3 + (r - -3)/1?
8
Suppose -6*u + 165 = -105. What is the units digit of u?
5
Suppose v + 0*v = 0. Suppose -4*u + 3 - 18 = -o, v = -u - 3. Suppose -2*x - 3*t = 7, 4*x - o*x + 2*t + 5 = 0. What is the units digit of x?
1
Let i(b) = b + 2. Let k(f) be the first derivative of f**4/4 + 4*f**3/3 - 3*f**2/2 - 6*f - 2. Let u be k(-4). What is the units digit of i(u)?
8
Let o = -3 - -5. Let t be 2*2/o + -2. Suppose h - 4*j - 15 = t, -2*j - 2*j = 4*h. What is the units digit of h?
3
Let q(r) be the second derivative of 1/6*r**3 + 1/2*r**2 - r + 0. What is the units digit of q(6)?
7
Let t be ((-10)/7)/(1/(-7)). Let l = 9 + t. What is the tens digit of l?
1
Let f = -3 - -6. What is the tens digit of f + (33 + -2 - -3)?
3
Let x = 6 + 2. Suppose l + x = 5*l. What is the units digit of l?
2
Suppose 0 = -3*k + 2*k + 26. Suppose 28 - 81 = -5*x + 4*d, -4*d = -2*x + k. What is the units digit of x?
9
Suppose 0 = 5*x - 2*k - 35, -14 - 7 = -3*x - 3*k. What is the units digit of x?
7
Suppose 14 + 6 = 4*p. Suppose -h - 2*h + p*o + 24 = 0, 0 = 5*h + o - 12. What is the units digit of h?
3
Suppose 0 = -3*v + 8*v. Suppose v = -l + 29 - 8. Let n = l - 8. What is the tens digit of n?
1
Suppose 5*a + 96 = a. Let w = a + 45. What is the tens digit of w?
2
Let t(b) be the first derivative of -b**2/2 + 2*b - 2. Let d be t(1). Let k = 8 - d. What is the units digit of k?
7
Let u(x) = 4*x**2 - 12*x + 2. What is the units digit of u(6)?
4
Suppose 6*d - 45 = 129. What is the tens digit of d?
2
Let h(d) = 2*d**3 - 4*d**2 + 11*d - 3. What is the units digit of h(5)?
2
What is the units digit of -8*(-3 - (-30)/(-8))?
4
Suppose 378 = 5*n - 4*k, 2*k = -k - 6. What is the units digit of n?
4
Let x = 548 + -299. What is the hundreds digit of x?
2
Suppose 4*y = 3*y + 8. Let w(b) = -2*b**3 + 10*b**2 + 13*b - 4. Let t be w(6). Let v = y - t. What is the units digit of v?
6
Suppose -4*y + 5 = -27. Suppose 5*g - 3 + y = 0. What is the units digit of ((-12)/(-8))/(g/(-4))?
6
Let i = -234 - -395. What is the tens digit of i?
6
What is the units digit of 5/10*(-30)/(-3)?
5
Suppose 2*m - m - 3 = 0. Suppose i + 5*v - m = 19, 0 = -4*i - 4*v + 40. What is the units digit of i?
7
Let v = 249 - 140. What is the units digit of v?
9
Suppose u + 31 = 39. What is the units digit of u?
8
Let v be 4/(-22) - 3075/(-33). Let r = -66 + v. What is the tens digit of r?
2
Suppose 4*b - 5 - 27 = 0. What is the units digit of b?
8
Let z(h) = -11*h - 3. Let v be z(-2). Let y = v - 18. What is the units digit of y?
1
Suppose 5*l + 2*d = 6*d + 1912, 3*l - 1162 = -5*d. What is the units digit of l?
4
Let q(a) = a**2 - a. Let s be q(2). Suppose -s*r - 3*y + 67 = -0, 0 = -r + 5*y + 14. What is the tens digit of r?
2
Let k = 615 + -419. What is the hundreds digit of k?
1
Let r = 16 + -43. Let m = r - -74. What is the tens digit of m?
4
Suppose 3*h - 4*c - 533 = 0, 4*c - 167 = -4*h + 3*h. What is the units digit of h?
5
Suppose 0 = 5*v - 231 - 364. What is the hundreds digit of v?
1
What is the tens digit of -3*(-408)/27*(-36)/(-16)?
0
Let x(m) = 3*m**2 - 4*m + 2*m + 6*m - 4*m**2 - 3. What is the units digit of x(2)?
1
Suppose -4*u = -5*n - 1312, 4*u - 2*n + 0*n = 1324. What is the hundreds digit of u?
3
Let b(j) = j + 16. Let s(q) = 0*q - q + 9 + 3 - 2*q. Let v be s(8). What is the units digit of b(v)?
4
Let k = 74 - -6. Suppose 3*c - 6 = 0, 4*w - k = 3*c - 6. What is the tens digit of w?
2
Let z = 9 + -16. Let m = 3 + z. Let s = 6 + m. What is the units digit of s?
2
Let b be ((-3)/2)/(6/(-20)). Let q(l) = -l + 9. Let m be q(b). What is the units digit of (10/(-8))/(m/(-16))?
5
What is the hundreds dig